2)/v)?
6
Let g be -3 + 2 + 4 - 1. Suppose -11 = -g*t - 47. What is the tens digit of t/(-12)*(-32)/(-3)?
1
Suppose 2*h = 12 - 32. Let l = h + -8. What is the units digit of (-2)/9 - 76/l?
4
Let f(o) = -28*o. Suppose 27 = -2*w + 5*z, 0*w - 6 = -4*w - 2*z. What is the units digit of f(w)?
8
Let y = 80 - 56. What is the units digit of (-8)/y*9*-3?
9
Suppose 24*f - 18*f = 774. What is the tens digit of f?
2
Suppose 0 = 5*t - q - 115, 0 = -2*t - 4*q + 38 + 8. What is the units digit of t?
3
Let m = -272 - -430. What is the tens digit of m?
5
Let g = -10 + 28. Let u = 5 + g. What is the units digit of u?
3
Let s(u) = 6*u**3 + u**2. Let p(l) = l**3. Let c(a) = -2*p(a) + s(a). Let j be c(-1). Let o = 9 + j. What is the units digit of o?
6
Suppose 2*z = 3*g - 277, -2*g - 3*g + 491 = 4*z. What is the tens digit of g?
9
Let c(a) = a**2 + 5*a - 13. What is the units digit of c(-9)?
3
Let s(x) = 1 + 6*x**2 - 3*x**2 - 5*x - 5*x**2 + x**3. What is the tens digit of s(4)?
1
Let l = 2 + 3. Suppose l*a = -0*a - 5*d + 100, 64 = 5*a - 4*d. What is the tens digit of a?
1
What is the units digit of (-11)/(-4)*1*12?
3
Let t = 87 + -57. What is the tens digit of t?
3
Let d(u) = u**2 + 2*u - 1. Suppose 8*r = 4*r - 20. What is the tens digit of d(r)?
1
Let w(i) = -i**3 - i**2 - i - 1. Let r(q) = 4*q**3 + 6*q**2 + 5*q + 4. Let b(o) = r(o) + 3*w(o). What is the units digit of b(-1)?
1
Suppose 18 = 2*b - 5*c - 9, -4*b = -c - 27. What is the tens digit of 376/9 + b/27?
4
Let l be 3/(-2)*(-28)/(-3). What is the units digit of l/(-2) + -1 + 0?
6
Let r(t) = t**3 + 6*t**2 + 4*t + 1. What is the tens digit of r(-4)?
1
Let y = -85 + 147. What is the tens digit of y?
6
What is the tens digit of -3 - (-157 - 3 - -3)?
5
Suppose 2 = 2*j - 2. Suppose -g + j*g - 50 = -4*h, -4*g + 32 = 2*h. Suppose 3*f + h = 3*a, 3*a - 4*f + 0*f = 12. What is the units digit of a?
4
Let f be 897/12 - (-2)/8. Suppose x - 4*x + f = 0. What is the units digit of x?
5
Suppose -o = 5 - 7. What is the units digit of 60/8 + o/4?
8
Let a(h) = h + 10. Let k be a(-7). Suppose -4 = -k*i + 5. Suppose -2*v + 46 = 3*v + b, -4*b = -i*v + 23. What is the units digit of v?
9
Suppose 3*i = q + 3*q - 68, 0 = -q + 4*i + 4. What is the units digit of q?
0
Let z be ((-10)/(-1))/(2 + 0). What is the units digit of (-1)/z + 205/25?
8
Suppose 3*y - 2*y = -5*k + 22, 4*k = 5*y + 35. Suppose k*g - 6*g = -11. What is the tens digit of g?
1
Let u(q) = -q**2 + 1. Let a(n) = -5*n**2 - 5*n + 16. Let g(s) = -a(s) + 4*u(s). What is the units digit of g(-10)?
8
Let z = -169 - -281. What is the hundreds digit of z?
1
Let q(p) = -p**2 + p + 203. What is the units digit of q(0)?
3
Let j(w) = 5*w**2 - 3*w - 3. Let n(v) = -v**2 + 10*v - 2. Let u be n(10). What is the tens digit of j(u)?
2
Let i = -11 + 14. Suppose i*d - 36 = -4*q + 10, 4*q + d = 42. What is the tens digit of q?
1
Suppose j + 1082 = 3*t, -855 = -5*t - 5*j + 935. What is the units digit of t?
0
Let o = -3 + 9. What is the units digit of o?
6
Let u(n) = n**3 + 5*n**2 + 4*n - 5. Let d be u(-4). Let p = d - -3. Let a(y) = -3*y + 1. What is the units digit of a(p)?
7
Let o = -57 - -113. What is the tens digit of o?
5
Suppose 2*y - 3*i = 15, -4*y - 4*i + 39 = -21. Let u be (1 + 53)/(y/8). Let h = 55 - u. What is the tens digit of h?
1
Let m(a) = -5*a - 5. Let z be m(-9). Suppose 2*c + 4*f = z, 5*c = 4*f + 34 + 80. What is the tens digit of c?
2
Let t(m) = -2*m. Let x be t(4). What is the tens digit of (-1)/(-2) - 148/x?
1
Suppose -h - 48 = 3*h. Let c = 4 - h. What is the tens digit of c?
1
Let c be (3/2)/((-1)/(-2)). Suppose -5*q + 19 = 4*n, -c*n - 6 = 2*q - 5*q. What is the units digit of q?
3
Let q(u) = -u**3 + 5*u**2 - 3*u + 5. Let r be q(4). Let v(n) = 6*n - 10. What is the units digit of v(r)?
4
Let v(d) = -d**2 + 7*d - 6. Let l be v(5). Let h(y) = 4*y + 5*y - 3 - l*y. What is the units digit of h(2)?
7
Suppose 10*l = 49 + 3541. What is the units digit of l?
9
Let l(b) = -b**3 + 11*b**2 - 9*b. What is the hundreds digit of l(8)?
1
Let w be ((-16)/(-6))/(2/9). Suppose 4*f - k - w = 0, -3*f + 6 = k - 10. Suppose -y + f = -0*y. What is the units digit of y?
4
Suppose -2*r - c + 11 = -16, 0 = -r - 5*c + 36. What is the tens digit of r?
1
Let x(f) = -f - 2. Let z be x(-4). What is the units digit of -11*(z - 2 - 1)?
1
Let u(g) = g**3 - 9*g**2 + 10. Let m be u(9). Suppose -m = -0*w - 5*w. What is the units digit of w?
2
Let a = -90 + 305. What is the hundreds digit of a?
2
Suppose -3*f = -0*f + 39. Let y(k) = -k**3 - 13*k**2 - 2*k - 8. What is the units digit of y(f)?
8
Let v be (-37)/14*-2 + (-2)/7. Let b = -8 - -5. Let z = b + v. What is the units digit of z?
2
Let q = 4 - 4. Suppose q*k = 3*p + 4*k - 96, 0 = 3*k. What is the units digit of p?
2
Let o = 50 - 1. What is the units digit of o?
9
Let d = 13 - 9. Let l(k) = 2*k - 11. Let s(t) = 3*t - 16. Let x(a) = -7*l(a) + 5*s(a). What is the units digit of x(d)?
1
Let p(u) = 52*u - 6. What is the units digit of p(2)?
8
Let q = 1 + 1. Let p = q + 2. What is the units digit of p?
4
What is the tens digit of (-15)/6*364/(-10)?
9
Suppose -2*r + 5 = -5*c, -25 = -3*r - 0*r + 4*c. What is the units digit of r?
5
Let z = -7 - -4. Let l(x) = -4*x - 4. What is the units digit of l(z)?
8
What is the units digit of (-315)/(-6) + (-3)/6?
2
Suppose 255 = 4*h + h. Suppose 4*g + 0*g = -5*w + h, 0 = 3*w - g - 17. What is the units digit of w?
7
Suppose -47 = -w - 4*u, 2*w - u + 0*u - 139 = 0. What is the tens digit of w?
6
Let v(t) = t + 10. Let s be (7/(-14))/((-1)/(-10)). What is the units digit of v(s)?
5
Suppose -2*i = i - 138. What is the units digit of i?
6
Suppose -3*n + 68 = 4*g + g, -4*n + 52 = -3*g. What is the units digit of n?
6
Let a(m) = m**3 + 2*m**2 - 2*m + 3. Let p be a(-3). Let r = 45 + -43. Suppose 4*h - 34 - r = p. What is the units digit of h?
9
Suppose -3*b + 5*a + 185 = 64, 4*b - 5*a = 158. What is the units digit of b?
7
Suppose -2*q - 2*j + 16 + 0 = 0, 8 = 4*j. What is the units digit of q?
6
Suppose 3*o - 66 = 2*o. Let z be (o/(-3))/(1 + -3). Let r = z - 5. What is the units digit of r?
6
Suppose -2*n + 49 + 5 = 0. What is the units digit of n?
7
Let s(c) = -c**2 + 4*c + 3. Let h be s(5). Let m be (35/14)/(h/(-4)). Suppose -y - 5*a = -31, m*y + 0*y = -3*a + 67. What is the units digit of y?
1
Suppose 0 = -3*h - 14 + 5. Let f(v) = 29 - v - 29. What is the units digit of f(h)?
3
Let n be (-2)/(-6)*(3 - -60). Let s(v) = -v**3 + 3*v**2 + 2*v + 1. Let m be s(3). Let b = n - m. What is the units digit of b?
4
Let r(h) = -h**3 - 7*h**2 + 15*h + 25. What is the hundreds digit of r(-11)?
3
Suppose -5*r = 4*j - 0*r - 133, -2*j + 60 = -4*r. Let q = j - 13. What is the units digit of q?
9
Let r(a) = -2*a - 8. Let n be r(-6). Let j(u) = 4*u - 5. What is the units digit of j(n)?
1
Suppose 3*t - 4 = d, 0 = t - d - d - 3. Let o(v) = 7*v**3 - 1. Let q be o(t). What is the units digit of q/(-3) - (-10 - -1)?
7
Let l(n) = -n**3 + 6*n**2 - 5*n - 3. Let c be l(6). Let u = -12 - c. What is the tens digit of u?
2
Let p be 16/(-6)*(-30)/10. Let t(k) = 4*k - 9. What is the tens digit of t(p)?
2
Suppose -5*o + j = -295, 3*j + 189 = -o + 4*o. What is the units digit of o?
8
Suppose -c + 41 = c + w, 79 = 4*c + 5*w. What is the units digit of c?
1
Let g(z) = z**2. Let j be g(-1). What is the units digit of -4 + 7 + j*-1?
2
Suppose 5*t - 9 = 1. Suppose -3*g - 6 = 2*z, 5*z - 25 = t*z + 4*g. Suppose 2*y - z = 9. What is the units digit of y?
6
Let q = -27 + 127. What is the units digit of q?
0
Suppose 7 = 4*x + o - 14, -2*x = -4*o + 12. Suppose 3*y + x*g = -g + 15, -4*g - 22 = -y. What is the tens digit of y?
1
What is the tens digit of (-4)/(-8) + 79/2?
4
Let p(x) = 10*x**2 + 12*x + 44. What is the hundreds digit of p(-6)?
3
Let b(k) = -3*k - 6. Let a be b(-7). Suppose a = z + 5. What is the tens digit of z?
1
Let z(b) = -100*b. What is the hundreds digit of z(-1)?
1
Let y = -28 - -20. Let v = y + 16. What is the units digit of v?
8
Let q = -42 + 21. Let n = -69 + 40. Let o = q - n. What is the units digit of o?
8
What is the units digit of ((5 - 2)*-3)/(-1)?
9
Let g(i) = -8*i - 8. Let n(s) = -9*s - 9. Let t(x) = -5*g(x) + 4*n(x). Let l be t(6). Suppose 2*b + l = 6*b. What is the units digit of b?
7
Let g(z) = z**3 - 10*z**2 + z - 1. What is the unit